[INFO] cloning repository https://github.com/ginryuoku/px-nesemu
[INFO] running `Command { std: "git" "-c" "credential.helper=" "-c" "credential.helper=/workspace/cargo-home/bin/git-credential-null" "clone" "--bare" "https://github.com/ginryuoku/px-nesemu" "/workspace/cache/git-repos/https%3A%2F%2Fgithub.com%2Fginryuoku%2Fpx-nesemu", kill_on_drop: false }`
[INFO] [stderr] Cloning into bare repository '/workspace/cache/git-repos/https%3A%2F%2Fgithub.com%2Fginryuoku%2Fpx-nesemu'...
[INFO] running `Command { std: "git" "rev-parse" "HEAD", kill_on_drop: false }`
[INFO] [stdout] 337bd06e7be90c49b1bf0524b542983bc464d2e4
[INFO] checking ginryuoku/px-nesemu against try#72f88fc4e9458f89516a0b8b0868f3718aec5b47 for pr-74989
[INFO] running `Command { std: "git" "clone" "/workspace/cache/git-repos/https%3A%2F%2Fgithub.com%2Fginryuoku%2Fpx-nesemu" "/workspace/builds/worker-6/source", kill_on_drop: false }`
[INFO] [stderr] Cloning into '/workspace/builds/worker-6/source'...
[INFO] [stderr] done.
[INFO] validating manifest of git repo https://github.com/ginryuoku/px-nesemu on toolchain 72f88fc4e9458f89516a0b8b0868f3718aec5b47
[INFO] running `Command { std: "/workspace/cargo-home/bin/cargo" "+72f88fc4e9458f89516a0b8b0868f3718aec5b47" "read-manifest" "--manifest-path" "Cargo.toml", kill_on_drop: false }`
[INFO] started tweaking git repo https://github.com/ginryuoku/px-nesemu
[INFO] finished tweaking git repo https://github.com/ginryuoku/px-nesemu
[INFO] tweaked toml for git repo https://github.com/ginryuoku/px-nesemu written to /workspace/builds/worker-6/source/Cargo.toml
[INFO] crate git repo https://github.com/ginryuoku/px-nesemu already has a lockfile, it will not be regenerated
[INFO] running `Command { std: "/workspace/cargo-home/bin/cargo" "+72f88fc4e9458f89516a0b8b0868f3718aec5b47" "fetch" "--locked" "--manifest-path" "Cargo.toml", kill_on_drop: false }`
[INFO] running `Command { std: "docker" "create" "-v" "/var/lib/crater-agent-workspace/builds/worker-6/target:/opt/rustwide/target:rw,Z" "-v" "/var/lib/crater-agent-workspace/builds/worker-6/source:/opt/rustwide/workdir:ro,Z" "-v" "/var/lib/crater-agent-workspace/cargo-home:/opt/rustwide/cargo-home:ro,Z" "-v" "/var/lib/crater-agent-workspace/rustup-home:/opt/rustwide/rustup-home:ro,Z" "-e" "SOURCE_DIR=/opt/rustwide/workdir" "-e" "CARGO_TARGET_DIR=/opt/rustwide/target" "-e" "CARGO_HOME=/opt/rustwide/cargo-home" "-e" "RUSTUP_HOME=/opt/rustwide/rustup-home" "-w" "/opt/rustwide/workdir" "-m" "1610612736" "--user" "0:0" "--network" "none" "rustops/crates-build-env@sha256:d92eaeed33fa75130ca1ee6c8a01d1ffb62bac859dfdfb3450e3e5d1c0146529" "/opt/rustwide/cargo-home/bin/cargo" "+72f88fc4e9458f89516a0b8b0868f3718aec5b47" "metadata" "--no-deps" "--format-version=1", kill_on_drop: false }`
[INFO] [stdout] 4c78f5e409bd36325b7a04fbb371468b6072d3537fd8673f25d4325d2205ba34
[INFO] [stderr] WARNING: Your kernel does not support swap limit capabilities or the cgroup is not mounted. Memory limited without swap.
[INFO] running `Command { std: "docker" "start" "-a" "4c78f5e409bd36325b7a04fbb371468b6072d3537fd8673f25d4325d2205ba34", kill_on_drop: false }`
[INFO] running `Command { std: "docker" "inspect" "4c78f5e409bd36325b7a04fbb371468b6072d3537fd8673f25d4325d2205ba34", kill_on_drop: false }`
[INFO] running `Command { std: "docker" "rm" "-f" "4c78f5e409bd36325b7a04fbb371468b6072d3537fd8673f25d4325d2205ba34", kill_on_drop: false }`
[INFO] [stdout] 4c78f5e409bd36325b7a04fbb371468b6072d3537fd8673f25d4325d2205ba34
[INFO] running `Command { std: "docker" "create" "-v" "/var/lib/crater-agent-workspace/builds/worker-6/target:/opt/rustwide/target:rw,Z" "-v" "/var/lib/crater-agent-workspace/builds/worker-6/source:/opt/rustwide/workdir:ro,Z" "-v" "/var/lib/crater-agent-workspace/cargo-home:/opt/rustwide/cargo-home:ro,Z" "-v" "/var/lib/crater-agent-workspace/rustup-home:/opt/rustwide/rustup-home:ro,Z" "-e" "SOURCE_DIR=/opt/rustwide/workdir" "-e" "CARGO_TARGET_DIR=/opt/rustwide/target" "-e" "CARGO_INCREMENTAL=0" "-e" "RUST_BACKTRACE=full" "-e" "RUSTFLAGS=--cap-lints=forbid" "-e" "CARGO_HOME=/opt/rustwide/cargo-home" "-e" "RUSTUP_HOME=/opt/rustwide/rustup-home" "-w" "/opt/rustwide/workdir" "-m" "1610612736" "--user" "0:0" "--network" "none" "rustops/crates-build-env@sha256:d92eaeed33fa75130ca1ee6c8a01d1ffb62bac859dfdfb3450e3e5d1c0146529" "/opt/rustwide/cargo-home/bin/cargo" "+72f88fc4e9458f89516a0b8b0868f3718aec5b47" "check" "--frozen" "--all" "--all-targets" "--message-format=json", kill_on_drop: false }`
[INFO] [stderr] WARNING: Your kernel does not support swap limit capabilities or the cgroup is not mounted. Memory limited without swap.
[INFO] [stdout] dbb3c5aa8e934845d941ee863fa97645e80619db5622401af35af21fa8c1b366
[INFO] running `Command { std: "docker" "start" "-a" "dbb3c5aa8e934845d941ee863fa97645e80619db5622401af35af21fa8c1b366", kill_on_drop: false }`
[INFO] [stderr]     Checking px-nesemu v0.1.0 (/opt/rustwide/workdir)
[INFO] [stdout] error[E0061]: this function takes 1 argument but 0 arguments were supplied
[INFO] [stdout]    --> src/main.rs:200:42
[INFO] [stdout]     |
[INFO] [stdout] 200 |             match Pin::new(&mut run_cpu).resume() {
[INFO] [stdout]     |                                          ^^^^^^- supplied 0 arguments
[INFO] [stdout]     |
[INFO] [stdout] help: expected the unit value `()`; create it with empty parentheses
[INFO] [stdout]     |
[INFO] [stdout] 200 |             match Pin::new(&mut run_cpu).resume(()) {
[INFO] [stdout]     |                                                 ^^
[INFO] [stdout] 
[INFO] [stdout] 
[INFO] [stdout] error[E0061]: this function takes 1 argument but 0 arguments were supplied
[INFO] [stdout]    --> src/main.rs:207:46
[INFO] [stdout]     |
[INFO] [stdout] 207 |                 match Pin::new(&mut run_ppu).resume() {
[INFO] [stdout]     |                                              ^^^^^^- supplied 0 arguments
[INFO] [stdout]     |
[INFO] [stdout] help: expected the unit value `()`; create it with empty parentheses
[INFO] [stdout]     |
[INFO] [stdout] 207 |                 match Pin::new(&mut run_ppu).resume(()) {
[INFO] [stdout]     |                                                     ^^
[INFO] [stdout] 
[INFO] [stdout] 
[INFO] [stdout] error[E0061]: this function takes 1 argument but 0 arguments were supplied
[INFO] [stdout]    --> src/main.rs:200:42
[INFO] [stdout]     |
[INFO] [stdout] 200 |             match Pin::new(&mut run_cpu).resume() {
[INFO] [stdout]     |                                          ^^^^^^- supplied 0 arguments
[INFO] [stdout]     |
[INFO] [stdout] help: expected the unit value `()`; create it with empty parentheses
[INFO] [stdout]     |
[INFO] [stdout] 200 |             match Pin::new(&mut run_cpu).resume(()) {
[INFO] [stdout]     |                                                 ^^
[INFO] [stdout] 
[INFO] [stdout] 
[INFO] [stdout] error[E0061]: this function takes 1 argument but 0 arguments were supplied
[INFO] [stdout]    --> src/main.rs:207:46
[INFO] [stdout]     |
[INFO] [stdout] 207 |                 match Pin::new(&mut run_ppu).resume() {
[INFO] [stdout]     |                                              ^^^^^^- supplied 0 arguments
[INFO] [stdout]     |
[INFO] [stdout] help: expected the unit value `()`; create it with empty parentheses
[INFO] [stdout]     |
[INFO] [stdout] 207 |                 match Pin::new(&mut run_ppu).resume(()) {
[INFO] [stdout]     |                                                     ^^
[INFO] [stdout] 
[INFO] [stdout] 
[INFO] [stdout] error[E0061]: this function takes 1 argument but 0 arguments were supplied
[INFO] [stdout]    --> src/main.rs:278:38
[INFO] [stdout]     |
[INFO] [stdout] 278 |         match Pin::new(&mut nes_run).resume() {
[INFO] [stdout]     |                                      ^^^^^^- supplied 0 arguments
[INFO] [stdout]     |
[INFO] [stdout] help: expected the unit value `()`; create it with empty parentheses
[INFO] [stdout]     |
[INFO] [stdout] 278 |         match Pin::new(&mut nes_run).resume(()) {
[INFO] [stdout]     |                                             ^^
[INFO] [stdout] 
[INFO] [stdout] 
[INFO] [stdout] error: aborting due to 3 previous errors
[INFO] [stdout] 
[INFO] [stdout] 
[INFO] [stdout] For more information about this error, try `rustc --explain E0061`.
[INFO] [stdout] 
[INFO] [stdout] error[E0061]: this function takes 1 argument but 0 arguments were supplied
[INFO] [stdout]    --> src/main.rs:278:38
[INFO] [stdout]     |
[INFO] [stdout] 278 |         match Pin::new(&mut nes_run).resume() {
[INFO] [stdout]     |                                      ^^^^^^- supplied 0 arguments
[INFO] [stdout]     |
[INFO] [stdout] help: expected the unit value `()`; create it with empty parentheses
[INFO] [stdout]     |
[INFO] [stdout] 278 |         match Pin::new(&mut nes_run).resume(()) {
[INFO] [stdout]     |                                             ^^
[INFO] [stdout] 
[INFO] [stdout] 
[INFO] [stdout] error: aborting due to 3 previous errors
[INFO] [stdout] 
[INFO] [stdout] 
[INFO] [stdout] For more information about this error, try `rustc --explain E0061`.
[INFO] [stdout] 
[INFO] [stderr] error: could not compile `px-nesemu`.
[INFO] [stderr] 
[INFO] [stderr] To learn more, run the command again with --verbose.
[INFO] [stderr] warning: build failed, waiting for other jobs to finish...
[INFO] [stderr] error: build failed
[INFO] running `Command { std: "docker" "inspect" "dbb3c5aa8e934845d941ee863fa97645e80619db5622401af35af21fa8c1b366", kill_on_drop: false }`
[INFO] running `Command { std: "docker" "rm" "-f" "dbb3c5aa8e934845d941ee863fa97645e80619db5622401af35af21fa8c1b366", kill_on_drop: false }`
[INFO] [stdout] dbb3c5aa8e934845d941ee863fa97645e80619db5622401af35af21fa8c1b366
